). Suppose x*o + 200 = 5*w, 27 = -4*o + 7. Suppose 15 = -h + w. What are the prime factors of h?
23
Let q(m) = 2 + 0 - 5 + 6*m + 2. Suppose 0 = 4*y - 5*y + 4. List the prime factors of q(y).
23
Suppose -4 = -t - 7. Let v be ((-4 - t) + 2)*-1. List the prime factors of (v - -2)*182/7.
2, 13
Let a(y) = -94*y - 119. List the prime factors of a(-13).
1103
Let j = -378 - -382. What are the prime factors of j?
2
Let c be 8*(4/(-10) + (-9)/(-10)). What are the prime factors of ((-129)/c)/((-17)/68)?
3, 43
Let k = 19 + -8. Let a = k - 8. Suppose -a*x = -x - 48. What are the prime factors of x?
2, 3
Let m(j) = -j**3 - j**2 - j + 30. Suppose 3*v - 18 = 4*i + 11, -5*v - 3*i = 0. Let u be (-6 + v - -3)/(-3). List the prime factors of m(u).
2, 3, 5
Let a(d) = -147*d - 14. Let w(h) = -h + 1. Let r(n) = -a(n) + 4*w(n). List the prime factors of r(2).
2, 19
Let q(x) = x**2 - 4*x - 12. Let s be q(6). Suppose s = 4*v + 1 - 17, -b = 5*v - 158. Suppose -2*a + 4*h + 4 = -62, h + b = 5*a. List the prime factors of a.
3
Let s(o) = o**3 - 2*o + o**2 + 0*o - 3*o - 2*o**2. Let a = 14 + -10. List the prime factors of s(a).
2, 7
Let y = -10 - -11. List the prime factors of y/2 - 667/(-58).
2, 3
List the prime factors of (11/((-220)/(-3624)))/(9/30).
2, 151
Let r be (-5)/15 - 138/(-9). Let s be (2 + r/(-9))*9. Suppose 4*i - 23 = s*g, 8 = 2*i + 2*g - 14. List the prime factors of i.
2
Let a(u) = -u - 29. Let i be a(-21). Suppose 5*q = -25 - 30. Let z = i - q. List the prime factors of z.
3
Let d be (1 + -2)/(7/(-35)). Suppose 3*w = -d*v, -2*w - 4*v = -0 + 2. Suppose -w*m = -2*m - 84. What are the prime factors of m?
2, 7
Let r(n) = 5*n - 6. Let w be r(2). Suppose w*m - 5*u = 658, -m + 3*u + u = -159. What are the prime factors of m?
167
Suppose 12 = 3*n - 18. Suppose n*v - 216 = 8*v. What are the prime factors of v?
2, 3
Let a(o) be the first derivative of -5*o**2/2 + 7*o + 3. List the prime factors of a(-11).
2, 31
Suppose 2*i + 10 = -4*z, -5*i - 2*z = 32 - 7. Let t = 0 - i. Suppose 2*f - f + 4*u - 35 = 0, -98 = -3*f - t*u. What are the prime factors of f?
31
Let r = 29 + -19. Suppose -4*d - d = -r. What are the prime factors of (56/32)/(d/40)?
5, 7
Suppose 0 = -3*l + 2*n + 5, 5*l - 3 - 10 = n. Let p = 28 + -26. List the prime factors of (p/l)/((-13)/(-39)).
2
Let p = -94 + 1743. What are the prime factors of p?
17, 97
Suppose -5*h - 26 = 364. Let b be (-12)/h + 180/13. Let l = b + 4. What are the prime factors of l?
2, 3
Suppose 4*u + 112 = 8*u. Suppose 162 = 5*t - u. What are the prime factors of t?
2, 19
Let n = 384 + -195. List the prime factors of n.
3, 7
Suppose 8*k - 2*k = -42. Let i be (3 - k)*12/5. List the prime factors of 2/(-8) - (-630)/i.
2, 13
What are the prime factors of (-1)/3 + (-344)/(-24)?
2, 7
Suppose -15*l + 32*l - 37876 = 0. What are the prime factors of l?
2, 557
What are the prime factors of (-24920)/(-40)*1/((-7)/(-4))?
2, 89
Let q be (-2)/1*3/2. Let f be -6 - q - -8 - 0. Suppose -f*w - 19 = -6*w. What are the prime factors of w?
19
Let t(b) = b + 15. Let c be t(-13). Let a = c - -2. What are the prime factors of 190/a + (-8)/16?
47
Let k = -234 + 363. Suppose -2*t = 3*t + 4*x - 113, t + 5*x = 31. Suppose 5*j - k - t = 0. What are the prime factors of j?
2, 3, 5
Suppose 0 = 6*l - 115 - 83. Suppose -d - 5*a + 93 - l = 0, 2*a = 5*d - 219. What are the prime factors of d?
3, 5
Let k(i) = -139*i**3 - i**2 + 2. Let y = 48 - 49. List the prime factors of k(y).
2, 5, 7
Suppose 4*k - 5*t - 1744 = -276, -1500 = -4*k - 3*t. What are the prime factors of k?
2, 3, 31
Suppose 20*s - 8*s = 9036. List the prime factors of s.
3, 251
Suppose -6809 = -21*q + 4069. List the prime factors of q.
2, 7, 37
Let f(p) = -34*p**2 - 32*p**2 + 19*p**2 - 1. Let h be f(-1). Let y = h - -80. List the prime factors of y.
2
List the prime factors of ((-360)/(-2))/(0 - 2/(-5)).
2, 3, 5
Suppose -3*p + c - 14 = -p, -4*p - 5*c = 0. Let v(m) = -2*m - 9. Let x be v(p). What are the prime factors of (-85)/(-4) + x/(-4)?
3, 7
Suppose -109 + 9 = 2*t. List the prime factors of 4 + (2 - t) + 4.
2, 3, 5
Let t = 4 + 8. Suppose t = -3*y + 6*y. Let q(f) = f**2 + 2*f + 1. What are the prime factors of q(y)?
5
Suppose 11*p - 9 = 8*p. Suppose -p*d = -8*d + 370. List the prime factors of d.
2, 37
Let v = 8 + -6. Suppose -4*k + 0*z + v = -3*z, -3*z = 2*k - 10. What are the prime factors of (3/k)/(4/40)?
3, 5
Suppose 5*l + 56 = l. Let u = 35 + l. What are the prime factors of u?
3, 7
Let u = 556 + 1004. List the prime factors of u.
2, 3, 5, 13
Suppose -9 = -3*k - 0*g - 3*g, 0 = -g - 1. Suppose 3*d - k*s = 294, -4*d - 3*s + 249 + 118 = 0. List the prime factors of d.
2, 47
Let g be (-20)/(-3)*6/(-5). Let m(f) be the second derivative of -f**5/20 - 3*f**4/4 - 4*f**3/3 + 3*f**2 - 2*f. List the prime factors of m(g).
2, 3
Suppose -11*i = -6218 - 7004. List the prime factors of i.
2, 601
Let r(h) be the second derivative of -h**5/20 - 7*h**4/12 + h**3/2 + 8*h**2 + 10*h. List the prime factors of r(-8).
2, 7
Suppose 3*h - 95 = 697. What are the prime factors of h?
2, 3, 11
Suppose 6 = 5*t - 4. Suppose -v + 677 = 5*f, f + t*v = 5*f - 536. List the prime factors of f.
3, 5
Suppose 13*l = 6*l + 742. List the prime factors of l.
2, 53
Let q be (16/14)/2*21/6. Suppose 3*l + q*f - 768 = 0, f + 525 = 2*l - 2*f. List the prime factors of l.
2, 3, 43
Let i(t) = 8*t - 18. Let o be i(6). List the prime factors of (o - 0)/(28/(-40) - -1).
2, 5
Let l be 3*(-5)/3*(-1460)/10. List the prime factors of l/(-15)*(-9)/6.
73
Let g(q) = q**3 - 10*q**2 + 17*q - 26. List the prime factors of g(10).
2, 3
Let t(j) = 15*j**2 - 17*j**3 + 5 + 2*j + 18*j**3 - 2. What are the prime factors of t(-14)?
3, 19
What are the prime factors of 20480/40 + -8*1?
2, 3, 7
Suppose -2*p = -3134 + 374. List the prime factors of p.
2, 3, 5, 23
Let p(y) = -y**3 - 5*y**2 + y + 4. Let o be p(-5). Let l be 4 + -2*(-1)/o. Suppose k = 2*w - 6, -2*k + w = l*k - 4. List the prime factors of k.
2
Let v(j) = 84*j**2 + 9*j - 16. List the prime factors of v(4).
2, 11, 31
Let a = -308 + 636. What are the prime factors of a?
2, 41
Suppose -2*y + 55 = -y. Suppose -y = 2*o - 179. Suppose -5*w = o - 327. What are the prime factors of w?
53
Suppose -3*l - 47 = -5*v + 8, -3*v = 4*l - 4. List the prime factors of (1 + -3)*v*-1.
2
Let z be -174*1/(-3)*-2. Let h be 1/(2 - (-230)/z). Suppose 2*j = 16 + h. List the prime factors of j.
37
Let h = 12 - 5. Suppose 3*i - h*i + 68 = 0. List the prime factors of i.
17
Let p = -11 - -20. What are the prime factors of (p/(-2))/((-15)/100)?
2, 3, 5
Let o(w) be the first derivative of w**2/2 - 4*w + 4. Let g be o(14). List the prime factors of 56/g + 10/25.
2, 3
Let i(m) = -100*m + 35. List the prime factors of i(-8).
5, 167
Let b be (-2)/7 - 78/21. Let a be (6/b)/(1/(-4)). Suppose -6 - a = -3*s, 3*l = -2*s + 17. What are the prime factors of l?
3
Let l(j) = j**3 - 6*j**2 - j + 7. Let h be l(6). Let o be (h/3)/((-1)/(-42)). Suppose 3*s - 56 = -o. List the prime factors of s.
2, 7
Let s(w) = 9*w**2 + 4*w + 18. Let p(r) = -3*r + 1. Let d be p(2). List the prime factors of s(d).
223
Suppose 3*k + 2352 = 4*v - k, 3*v = 4*k + 1762. List the prime factors of v.
2, 5, 59
Let s(t) = 3*t**3 + 3*t - 2. Let a be ((-8)/28)/(2/(-14)). Let z be s(a). What are the prime factors of z - 5 - (-1 + 0)?
2, 3
Let x(j) = 3*j**2 - 13*j - 6. Let d be x(15). Suppose -n = -k + 102, -5*k - 6*n = -2*n - d. Let t = -51 + k. What are the prime factors of t?
47
Suppose -384 = -4*f + 224. What are the prime factors of f?
2, 19
Let w = -42 - -96. Suppose -260 + w = -2*h. List the prime factors of h.
103
Suppose 100*n - 133864 = 71*n. List the prime factors of n.
2, 577
Let n = 77 - 69. Let l(m) = m**2 + 15*m + 9. List the prime factors of l(n).
193
Suppose -1481 - 1585 = -4*w + 2*f, -3830 = -5*w + 2*f. What are the prime factors of w?
2, 191
Let g(y) = 41*y**3 + 5*y**2 - 6*y + 16. What are the prime factors of g(4)?
2, 337
Let s = 9 + 36. Suppose -3*r + 192 = s. Suppose -9 = -3*v, -f = 5*v - 20 - r. List the prime factors of f.
2, 3
Let s(h) = -h**3 + 9*h**2 - 4*h + 7. Let j be s(8). Suppose -j*w = -40*w + 263. What are the prime factors of w?
263
Let r(q) = -q**3 - 4*q**2 - 5*q. Let k = 1 - 5. Let m be r(k). Suppose 5*w + 4*o = 45, -3*w - o = -0*o - m. What are